e 16) to base 15
-12
79 (base 13) to base 14
72
What is -113 (base 6) in base 15?
-30
Convert 0 (base 4) to base 3.
0
What is -4 (base 13) in base 2?
-100
-9 (base 10) to base 8
-11
216 (base 7) to base 6
303
Convert -34 (base 5) to base 15.
-14
-20 (base 7) to base 12
-12
Convert -8 (base 10) to base 4.
-20
What is -8 (base 13) in base 3?
-22
What is 50 (base 15) in base 8?
113
Convert -3 (base 4) to base 5.
-3
Convert a (base 12) to base 3.
101
1000000 (base 2) to base 5
224
Convert -31 (base 10) to base 5.
-111
-44 (base 7) to base 13
-26
11 (base 12) to base 5
23
28 (base 11) to base 9
33
-3 (base 8) to base 9
-3
4 (base 12) to base 13
4
What is 151 (base 8) in base 9?
126
What is -1 (base 10) in base 6?
-1
Convert -4 (base 12) to base 8.
-4
0 (base 3) to base 16
0
Convert -13b (base 15) to base 16.
-119
Convert 80 (base 9) to base 11.
66
-1000011 (base 2) to base 9
-74
What is -100 (base 2) in base 10?
-4
-332 (base 5) to base 13
-71
Convert 0 (base 11) to base 9.
0
Convert 0 (base 16) to base 6.
0
Convert -1c (base 15) to base 4.
-123
-12 (base 9) to base 5
-21
Convert -5 (base 11) to base 6.
-5
-100 (base 2) to base 5
-4
13 (base 7) to base 6
14
1 (base 4) to base 16
1
-24 (base 16) to base 8
-44
Convert b (base 14) to base 3.
102
Convert -3 (base 9) to base 11.
-3
Convert 102 (base 3) to base 13.
b
0 (base 9) to base 10
0
5 (base 15) to base 9
5
What is 2302 (base 5) in base 16?
147
What is 133 (base 14) in base 13?
157
What is 23 (base 14) in base 12?
27
-13 (base 5) to base 15
-8
What is -29 (base 10) in base 11?
-27
What is -33 (base 12) in base 9?
-43
3010 (base 5) to base 8
574
What is -4 (base 15) in base 10?
-4
What is 1 (base 14) in base 4?
1
-10 (base 4) to base 16
-4
What is 3c (base 14) in base 6?
130
What is 154 (base 8) in base 12?
90
What is 2a (base 12) in base 15?
24
What is -c6 (base 13) in base 16?
-a2
Convert 79 (base 15) to base 5.
424
What is 4 (base 16) in base 8?
4
-3b (base 15) to base 16
-38
What is 222 (base 5) in base 6?
142
What is 30 (base 7) in base 15?
16
What is 14 (base 11) in base 5?
30
Convert -3 (base 14) to base 4.
-3
101 (base 9) to base 11
75
What is 3 (base 6) in base 8?
3
Convert -a (base 15) to base 13.
-a
What is -15 (base 11) in base 10?
-16
What is -2 (base 15) in base 14?
-2
-25 (base 11) to base 15
-1c
What is -30 (base 11) in base 14?
-25
10 (base 12) to base 14
c
Convert 7 (base 13) to base 12.
7
-11 (base 14) to base 15
-10
Convert 100 (base 3) to base 13.
9
Convert 132 (base 5) to base 7.
60
Convert -1 (base 7) to base 6.
-1
Convert 1 (base 16) to base 12.
1
What is -29 (base 11) in base 4?
-133
1 (base 6) to base 4
1
-3 (base 8) to base 7
-3
What is -101 (base 2) in base 10?
-5
Convert -33 (base 12) to base 3.
-1110
What is 1000 (base 2) in base 15?
8
What is 10022 (base 3) in base 14?
65
32 (base 10) to base 6
52
What is 18 (base 15) in base 11?
21
3 (base 14) to base 13
3
What is -14 (base 14) in base 5?
-33
What is 82 (base 12) in base 16?
62
What is 21 (base 6) in base 3?
111
What is 20 (base 4) in base 3?
22
10 (base 4) to base 8
4
Convert -1 (base 16) to base 2.
-1
-6a (base 16) to base 13
-82
Convert 314 (base 5) to base 16.
54
a2 (base 16) to base 2
10100010
What is 39 (base 14) in base 16?
33
Convert -14 (base 10) to base 7.
-20
Convert -35 (base 6) to base 10.
-23
Convert -56 (base 10) to base 14.
-40
What is -4 (base 13) in base 10?
-4
What is 34 (base 13) in base 8?
53
What is -12 (base 11) in base 12?
-11
What is 32 (base 4) in base 8?
16
Convert d4 (base 15) to base 13.
124
Convert -2 (base 12) to base 3.
-2
What is 10 (base 3) in base 15?
3
What is -4 (base 13) in base 9?
-4
-3 (base 14) to base 11
-3
Convert 5 (base 13) to base 10.
5
Convert -4a (base 13) to base 9.
-68
Convert 144 (base 13) to base 16.
e1
What is -121 (base 3) in base 14?
-12
160 (base 7) to base 13
70
Convert 43 (base 14) to base 8.
73
-2 (base 3) to base 5
-2
Convert -d (base 14) to base 12.
-11
What is 3 (base 11) in base 13?
3
What is 2 (base 14) in base 12?
2
-122 (base 4) to base 7
-35
Convert 0 (base 7) to base 11.
0
100110010 (base 2) to base 8
462
-2 (base 16) to base 2
-10
What is -1e (base 15) in base 10?
-29
33 (base 16) to base 10
51
What is -6 (base 11) in base 3?
-20
What is -34 (base 14) in base 9?
-51
Convert -2 (base 3) to base 7.
-2
What is 10 (base 5) in base 9?
5
-4 (base 16) to base 14
-4
Convert -5 (base 11) to base 7.
-5
What is 2 (base 4) in base 13?
2
What is -3b (base 12) in base 8?
-57
5 (base 11) to base 13
5
What is -10 (base 2) in base 13?
-2
Convert 56 (base 11) to base 8.
75
What is -15 (base 10) in base 3?
-120
What is a (base 14) in base 11?
a
Convert -10 (base 14) to base 12.
-12
What is 104 (base 9) in base 4?
1111
What is -20 (base 9) in base 5?
-33
124 (base 6) to base 12
44
Convert -10 (base 6) to base 16.
-6
Convert -8 (base 13) to base 5.
-13
Convert 6 (base 11) to base 6.
10
What is -88 (base 14) in base 8?
-170
-30 (base 5) to base 7
-21
What is 112 (base 9) in base 5?
332
Convert 1 (base 2) to base 11.
1
-14a (base 11) to base 10
-175
What is -85 (base 13) in base 9?
-131
-3 (base 10) to base 12
-3
7 (base 15) to base 2
111
What is 301 (base 4) in base 15?
34
Convert 2 (base 9) to base 7.
2
Convert 1 (base 14) to base 15.
1
What is -1100 (base 3) in base 14?
-28
What is -2c (base 13) in base 10?
-38
What is 6a (base 14) in base 12?
7a
21 (base 3) to base 2
111
Convert -3 (base 6) to base 16.
-3
What is -7 (base 12) in base 7?
-10
-25 (base 6) to base 13
-14
-1 (base 2) to base 6
-1
Convert 1021 (base 4) to base 5.
243
111 (base 3) to base 15
d
Convert 10110 (base 2) to base 3.
211
-2c (base 13) to base 9
-42
355 (base 6) to base 5
1033
What is -423 (base 5) in base 15?
-78
Convert -103 (base 4) to base 2.
-10011
What is 5c (base 15) in base 11?
7a
Convert -456 (base 7) to base 9.
-283
2 (base 7) to base 8
2
5 (base 11) to base 5
10
-37 (base 11) to base 7
-55
What is 3 (base 4) in base 14?
3
Convert -3 (base 10) to base 12.
-3
What is -47 (base 14) in base 10?
-63
-2 (base 15) to base 14
-2
Convert 1 (base 2) to base 14.
1
1 (base 9) to base 8
1
5 (base 9) to base 10
5
Convert -8 (base 11) to base 8.
-10
What is 124 (base 8) in base 13?
66
What is -1010 (base 3) in base 8?
-36
Convert -34 (base 6) to base 15.
-17
Convert -1a0 (base 12) to base 10.
-264
Convert 3 (base 8) to base 14.
3
1 (base 9) to base 6
1
What is -6b (base 16) in base 12?
-8b
What is 13 (base 4) in base 15?
7
Convert -5 (base 10) to base 7.
-5
-102 (base 9) to base 13
-65
2 (base 5) to base 2
10
Convert -120 (base 5) to base 14.
-27
What is 10 (base 2) in base 9?
2
1011 (base 2) to base 14
b
What is -3 (base 10) in base 9?
-3
Convert 100010 (base 2) to base 14.
26
Convert 1033 (base 4) to base 6.
211
-30 (base 11) to base 2
-100001
What is 100010 (base 2) in base 7?
46
What is 4 (base 13) in base 14?
4
What is 1 (base 8) in base 14?
1
Convert -22 (base 3) to base 12.
-8
-1 (base 7) to base 8
-1
Convert -12 (base 9) to base 11.
-10
What is 13 (base 4) in base 14?
7
Convert -5 (base 12) to base 3.
-12
-162 (base 11) to base 3
-21000
What is -1101 (base 2) in base 6?
-21
Convert -123 (base 4) to base 16.
-1b
2 (base 16) to base 7
2
-110010 (base 2) to base 14
-38
6 (base 12) to base 7
6
Convert -1 (base 2) to base 9.
-1
Convert -11001 (base 3) to base 16.
-6d
What is -1 (base 6) in base 2?
-1
Convert 0 (base 12) to base 7.
0
-10121 (base 3) to base 8
-141
Convert 1100 (base 3) to base 6.
100
What is 1 (base 16) in base 2?
1
111 (base 2) to base 9
7
Convert 413 (base 6) to base 8.
231
9 (base 15) to base 13
9
What is 0 (base 7) in base 6?
0
What is 55 (base 6) in base 7?
50
-1 (base 7) to base 9
-1
Convert -102 (base 13) to base 15.
-b6
-10 (base 5) to base 10
-5
Convert -18 (base 15) to base 16.
-17
What is 1 (base 16) in base 7?
1
-1001 (base 3) to base 14
-20
0 (base 5) to base 12
0
12 (base 15) to base 11
16
3 (base 14) to base 7
3
What is -3d (base 16) in base 2?
-111101
What is -2 (base 12) in base 6?
-2
76 (base 8) to base 7
116
-34 (base 6) to base 3
-211
Convert 10 (base 5) to base 8.
5
What is -7 (base 14) in base 8?
-7
-31 (base 15) to base 13
-37
1 (base 11) to base 6
1
Convert 1a (base 13) to base 15.
18
What is 68 (base 10) in base 6?
152
Convert 3 (base 15) to base 9.
3
Wh